{"id":18253,"date":"2023-04-04T14:45:37","date_gmt":"2023-04-04T12:45:37","guid":{"rendered":"https:\/\/www.cerege.fr\/?post_type=tribe_events&#038;p=18253"},"modified":"2023-04-26T09:17:50","modified_gmt":"2023-04-26T07:17:50","slug":"13th-edition-of-the-round-tables-of-larbois-and-the-mediterranean","status":"publish","type":"tribe_events","link":"https:\/\/www.cerege.fr\/en\/agenda\/13e-edition-des-tables-rondes-de-larbois-et-de-la-mediterranee\/","title":{"rendered":"13th edition of the Arbois and Mediterranean Round Tables"},"content":{"rendered":"<div class=\"event-info-section clearfix\">\n<div class=\"event-info-section-content\" data-ui-markdown=\"\" data-ui-show-more=\"\">\n<div id=\"h703804w0\" data-exclude=\"[]\" data-include=\"[]\" data-plugin-options=\"[]\" data-ui-richtext=\"\" data-ui-widget=\"ui.richtext.prosemirror.RichText\" data-ui-init=\"\">\n<p><strong>13th edition of the Arbois and Mediterranean Round Tables on the theme: \"Hydrogen tomorrow: myths &amp; realities\", 3 and 4 May 2023<br \/>\n<\/strong><em>Faculty of Law of the University of Aix-Marseille located at 3 Av. Robert Schuman, Aix-en-Provence.<\/em><\/p>\n<table cellspacing=\"0\" cellpadding=\"0;\">\n<tbody>\n<tr>\n<td><img fetchpriority=\"high\" decoding=\"async\" src=\"https:\/\/eu.vocuspr.com\/Publish\/3909557\/vcsPRAsset_3909557_392214_3dba14dc-4650-49c4-90a4-5d9c5a79bdfa_0.png\" alt=\"Image\" width=\"602\" height=\"191\" \/><\/p>\n<p>More than 1000 participants are expected in Aix en Provence for this annual event, which has become a must. This edition will highlight the potential and opportunities that Green Hydrogen represents in the fight against climate change and in the construction of a decarbonised energy model in Europe and Africa.<\/p>\n<p><strong>Speakers will include Philippe Busquin<\/strong>former European Commissioner for Research, Innovation and Science, and <strong>Antoine Petit , <\/strong>President and CEO of the CNRS and other renowned speakers.<\/p>\n<p><a href=\"https:\/\/www.cerege.fr\/wp-content\/uploads\/2023\/04\/Tables_rondes_Arbois_programme.pdf\">Download the programme<\/a><\/p>\n<p><img decoding=\"async\" class=\"size-medium wp-image-18477 alignleft\" src=\"https:\/\/www.cerege.fr\/wp-content\/uploads\/2023\/04\/Rencontre_Litteraire_Tables_rondes_Arbois_2023-220x300.png\" alt=\"\" width=\"220\" height=\"300\" srcset=\"https:\/\/www.cerege.fr\/wp-content\/uploads\/2023\/04\/Rencontre_Litteraire_Tables_rondes_Arbois_2023-220x300.png 220w, https:\/\/www.cerege.fr\/wp-content\/uploads\/2023\/04\/Rencontre_Litteraire_Tables_rondes_Arbois_2023-9x12.png 9w, https:\/\/www.cerege.fr\/wp-content\/uploads\/2023\/04\/Rencontre_Litteraire_Tables_rondes_Arbois_2023.png 595w\" sizes=\"(max-width: 220px) 100vw, 220px\" \/>To close these scientific days, a literary meeting pays tribute to Morocco, its contemporary culture, and more particularly to its literature.<\/p>\n<p>Five women, Yasmine Chaoui, Lamia Berrada, Le\u012bla Bahse\u00efn, Ma\u012b-Do Hamisultane and Zineb Mekouar, will meet with Fouad Laroui to discuss their most recent works and debate their country, their society, their fears and their hopes.<\/p>\n<p>The debate will be followed by a poetry recital by Rim Battal with musical accompaniment.<\/p>\n<p>Mich\u00e8le Locquifer, Honorary Judge at the Superior Court of Justice of Belgium, Claudie Haigner\u00e9, astronaut and former Minister of Research, Dani\u00e8le Giraudy, former Director of the Marseilles Museums and former Scientific Director of the Louvre, Marina Lafon-Borelli, President of the Marseilles Academy of Sciences, Arts and Letters, Paule Constant of the Acad\u00e9mie Goncourt, and Maryline Crivello, Vice-President of Culture at AMU, will all honour us with their presence.<\/td>\n<\/tr>\n<\/tbody>\n<\/table>\n<p>Free event.<\/p>\n<\/div>\n<\/div>\n<\/div>","protected":false},"excerpt":{"rendered":"<p>13\u00e8me \u00e9dition des Tables Rondes de l\u2019Arbois et de la M\u00e9diterran\u00e9e autour du th\u00e8me : \u201cHydrog\u00e8ne demain : mythes &amp; r\u00e9alit\u00e9s\u201d, 3 et 4 mai 2023 Facult\u00e9 de droit de [&hellip;]<\/p>\n","protected":false},"author":724,"featured_media":0,"template":"","meta":{"_acf_changed":false,"_tribe_events_status":"","_tribe_events_status_reason":"","footnotes":""},"tags":[],"tribe_events_cat":[],"class_list":["post-18253","tribe_events","type-tribe_events","status-publish","hentry"],"acf":[],"publishpress_future_workflow_manual_trigger":{"enabledWorkflows":[]},"_links":{"self":[{"href":"https:\/\/www.cerege.fr\/en\/wp-json\/wp\/v2\/tribe_events\/18253","targetHints":{"allow":["GET"]}}],"collection":[{"href":"https:\/\/www.cerege.fr\/en\/wp-json\/wp\/v2\/tribe_events"}],"about":[{"href":"https:\/\/www.cerege.fr\/en\/wp-json\/wp\/v2\/types\/tribe_events"}],"author":[{"embeddable":true,"href":"https:\/\/www.cerege.fr\/en\/wp-json\/wp\/v2\/users\/724"}],"version-history":[{"count":4,"href":"https:\/\/www.cerege.fr\/en\/wp-json\/wp\/v2\/tribe_events\/18253\/revisions"}],"predecessor-version":[{"id":18487,"href":"https:\/\/www.cerege.fr\/en\/wp-json\/wp\/v2\/tribe_events\/18253\/revisions\/18487"}],"wp:attachment":[{"href":"https:\/\/www.cerege.fr\/en\/wp-json\/wp\/v2\/media?parent=18253"}],"wp:term":[{"taxonomy":"post_tag","embeddable":true,"href":"https:\/\/www.cerege.fr\/en\/wp-json\/wp\/v2\/tags?post=18253"},{"taxonomy":"tribe_events_cat","embeddable":true,"href":"https:\/\/www.cerege.fr\/en\/wp-json\/wp\/v2\/tribe_events_cat?post=18253"}],"curies":[{"name":"wp","href":"https:\/\/api.w.org\/{rel}","templated":true}]}}

<div class="event-info-section clearfix">
<div class="event-info-section-content" data-ui-markdown="" data-ui-show-more="">
<div id="h703804w0" data-exclude="[]" data-include="[]" data-plugin-options="[]" data-ui-richtext="" data-ui-widget="ui.richtext.prosemirror.RichText" data-ui-init="">
<p><strong>13th edition of the Arbois and Mediterranean Round Tables on the theme: "Hydrogen tomorrow: myths &amp; realities", 3 and 4 May 2023<br />
</strong><em>Faculty of Law of the University of Aix-Marseille located at 3 Av. Robert Schuman, Aix-en-Provence.</em></p>
<table cellspacing="0" cellpadding="0;">
<tbody>
<tr>
<td><img fetchpriority="high" decoding="async" src="https://eu.vocuspr.com/Publish/3909557/vcsPRAsset_3909557_392214_3dba14dc-4650-49c4-90a4-5d9c5a79bdfa_0.png" alt="Image" width="602" height="191" /></p>
<p>More than 1000 participants are expected in Aix en Provence for this annual event, which has become a must. This edition will highlight the potential and opportunities that Green Hydrogen represents in the fight against climate change and in the construction of a decarbonised energy model in Europe and Africa.</p>
<p><strong>Speakers will include Philippe Busquin</strong>former European Commissioner for Research, Innovation and Science, and <strong>Antoine Petit , </strong>President and CEO of the CNRS and other renowned speakers.</p>
<p><a href="https://www.cerege.fr/wp-content/uploads/2023/04/Tables_rondes_Arbois_programme.pdf">Download the programme</a></p>
<p><img decoding="async" class="size-medium wp-image-18477 alignleft" src="https://www.cerege.fr/wp-content/uploads/2023/04/Rencontre_Litteraire_Tables_rondes_Arbois_2023-220x300.png" alt="" width="220" height="300" srcset="https://www.cerege.fr/wp-content/uploads/2023/04/Rencontre_Litteraire_Tables_rondes_Arbois_2023-220x300.png 220w, https://www.cerege.fr/wp-content/uploads/2023/04/Rencontre_Litteraire_Tables_rondes_Arbois_2023-9x12.png 9w, https://www.cerege.fr/wp-content/uploads/2023/04/Rencontre_Litteraire_Tables_rondes_Arbois_2023.png 595w" sizes="(max-width: 220px) 100vw, 220px" />To close these scientific days, a literary meeting pays tribute to Morocco, its contemporary culture, and more particularly to its literature.</p>
<p>Five women, Yasmine Chaoui, Lamia Berrada, Leīla Bahseïn, Maī-Do Hamisultane and Zineb Mekouar, will meet with Fouad Laroui to discuss their most recent works and debate their country, their society, their fears and their hopes.</p>
<p>The debate will be followed by a poetry recital by Rim Battal with musical accompaniment.</p>
<p>Michèle Locquifer, Honorary Judge at the Superior Court of Justice of Belgium, Claudie Haigneré, astronaut and former Minister of Research, Danièle Giraudy, former Director of the Marseilles Museums and former Scientific Director of the Louvre, Marina Lafon-Borelli, President of the Marseilles Academy of Sciences, Arts and Letters, Paule Constant of the Académie Goncourt, and Maryline Crivello, Vice-President of Culture at AMU, will all honour us with their presence.</td>
</tr>
</tbody>
</table>
<p>Free event.</p>
</div>
</div>
</div>

<p>13ème édition des Tables Rondes de l’Arbois et de la Méditerranée autour du thème : “Hydrogène demain : mythes &amp; réalités”, 3 et 4 mai 2023 Faculté de droit de [&hellip;]</p>
