{"id":18600,"date":"2023-05-09T08:10:16","date_gmt":"2023-05-09T06:10:16","guid":{"rendered":"https:\/\/www.cerege.fr\/?post_type=tribe_events&#038;p=18600"},"modified":"2023-05-09T09:52:37","modified_gmt":"2023-05-09T07:52:37","slug":"transition-day","status":"publish","type":"tribe_events","link":"https:\/\/www.cerege.fr\/en\/agenda\/journee-de-la-transition\/","title":{"rendered":"Transition Day"},"content":{"rendered":"<p>An initial questionnaire was sent to the 250 ceregians to find out their position and state of mind on the subjects of this transition, what they expect or do not expect from their laboratory, their commitment and the concrete actions possible at their level. It turns out that<strong> 76% of agents<\/strong> are <b>loans<\/b> <b>\u00e0<\/b><b> change <\/b><b>their<\/b><b> habits<\/b> at work to reduce the environmental footprint. Out of 100 participants at the CEREGE internal session <strong>In \"My Earth in 180 Minutes\", 60% estimates the inspiring reduction levers for feasible measures.<\/strong><\/p>\n<p>In line with this, the CEREGE Transition Day on 12 June aims to provide an opportunity for collective reflection and to study the concrete actions to be implemented to reduce CEREGE's environmental impact.<\/p>","protected":false},"excerpt":{"rendered":"<p>Un premier questionnaire aupr\u00e8s des 250 c\u00e9r\u00e9gien.ne.s a permis de recueillir le positionnement et l\u2019\u00e9tat d\u2019esprit de chacun sur les sujets de cette transition, ce qu\u2019il attend ou pas de [&hellip;]<\/p>\n","protected":false},"author":724,"featured_media":0,"template":"","meta":{"_acf_changed":false,"_tribe_events_status":"","_tribe_events_status_reason":"","footnotes":""},"tags":[],"tribe_events_cat":[],"class_list":["post-18600","tribe_events","type-tribe_events","status-publish","hentry"],"acf":[],"publishpress_future_workflow_manual_trigger":{"enabledWorkflows":[]},"_links":{"self":[{"href":"https:\/\/www.cerege.fr\/en\/wp-json\/wp\/v2\/tribe_events\/18600","targetHints":{"allow":["GET"]}}],"collection":[{"href":"https:\/\/www.cerege.fr\/en\/wp-json\/wp\/v2\/tribe_events"}],"about":[{"href":"https:\/\/www.cerege.fr\/en\/wp-json\/wp\/v2\/types\/tribe_events"}],"author":[{"embeddable":true,"href":"https:\/\/www.cerege.fr\/en\/wp-json\/wp\/v2\/users\/724"}],"version-history":[{"count":1,"href":"https:\/\/www.cerege.fr\/en\/wp-json\/wp\/v2\/tribe_events\/18600\/revisions"}],"predecessor-version":[{"id":18601,"href":"https:\/\/www.cerege.fr\/en\/wp-json\/wp\/v2\/tribe_events\/18600\/revisions\/18601"}],"wp:attachment":[{"href":"https:\/\/www.cerege.fr\/en\/wp-json\/wp\/v2\/media?parent=18600"}],"wp:term":[{"taxonomy":"post_tag","embeddable":true,"href":"https:\/\/www.cerege.fr\/en\/wp-json\/wp\/v2\/tags?post=18600"},{"taxonomy":"tribe_events_cat","embeddable":true,"href":"https:\/\/www.cerege.fr\/en\/wp-json\/wp\/v2\/tribe_events_cat?post=18600"}],"curies":[{"name":"wp","href":"https:\/\/api.w.org\/{rel}","templated":true}]}}

<p>An initial questionnaire was sent to the 250 ceregians to find out their position and state of mind on the subjects of this transition, what they expect or do not expect from their laboratory, their commitment and the concrete actions possible at their level. It turns out that<strong> 76% of agents</strong> are <b>loans</b> <b>à</b><b> change </b><b>their</b><b> habits</b> at work to reduce the environmental footprint. Out of 100 participants at the CEREGE internal session <strong>In "My Earth in 180 Minutes", 60% estimates the inspiring reduction levers for feasible measures.</strong></p>
<p>In line with this, the CEREGE Transition Day on 12 June aims to provide an opportunity for collective reflection and to study the concrete actions to be implemented to reduce CEREGE's environmental impact.</p>

<p>Un premier questionnaire auprès des 250 cérégien.ne.s a permis de recueillir le positionnement et l’état d’esprit de chacun sur les sujets de cette transition, ce qu’il attend ou pas de [&hellip;]</p>
