{"id":18580,"date":"2023-05-04T10:12:16","date_gmt":"2023-05-04T08:12:16","guid":{"rendered":"https:\/\/www.cerege.fr\/?post_type=tribe_events&#038;p=18580"},"modified":"2023-05-04T10:52:20","modified_gmt":"2023-05-04T08:52:20","slug":"les-cafes-decouverte-de-larbois-aster-le-spectrometre-de-masse-par-accelerateur","status":"publish","type":"tribe_events","link":"https:\/\/www.cerege.fr\/fr\/agenda\/les-cafes-decouverte-de-larbois-aster-le-spectrometre-de-masse-par-accelerateur\/","title":{"rendered":"[Les Caf\u00e9s #D\u00e9couverte de l&#8217;Arbois] : ASTER, le spectrom\u00e8tre de masse par acc\u00e9l\u00e9rateur"},"content":{"rendered":"<p data-pm-slice=\"1 1 []\"><strong><img fetchpriority=\"high\" decoding=\"async\" class=\" wp-image-18583 alignleft\" src=\"https:\/\/www.cerege.fr\/wp-content\/uploads\/2023\/05\/Cafe-Decouverte_ASTER-300x169.png\" alt=\"\" width=\"392\" height=\"221\" srcset=\"https:\/\/www.cerege.fr\/wp-content\/uploads\/2023\/05\/Cafe-Decouverte_ASTER-300x169.png 300w, https:\/\/www.cerege.fr\/wp-content\/uploads\/2023\/05\/Cafe-Decouverte_ASTER-1024x576.png 1024w, https:\/\/www.cerege.fr\/wp-content\/uploads\/2023\/05\/Cafe-Decouverte_ASTER-768x432.png 768w, https:\/\/www.cerege.fr\/wp-content\/uploads\/2023\/05\/Cafe-Decouverte_ASTER-1536x864.png 1536w, https:\/\/www.cerege.fr\/wp-content\/uploads\/2023\/05\/Cafe-Decouverte_ASTER-18x10.png 18w, https:\/\/www.cerege.fr\/wp-content\/uploads\/2023\/05\/Cafe-Decouverte_ASTER-1320x743.png 1320w, https:\/\/www.cerege.fr\/wp-content\/uploads\/2023\/05\/Cafe-Decouverte_ASTER.png 1600w\" sizes=\"(max-width: 392px) 100vw, 392px\" \/>Depuis pr\u00e8s d\u2019un an, la Technopole de l\u2019Arbois organise en partenariat avec le CEREGE, des rencontres entre chercheurs et entrepreneurs<\/strong> sur les outils du technopole afin d\u2019en valoriser les acteurs, d\u00e9voiler les capacit\u00e9s et applications des plateformes et discuter autour d\u2019un caf\u00e9 des th\u00e9matiques de recherche abord\u00e9es. Y sont invit\u00e9s les entreprises du Technop\u00f4le.<\/p>\n<p>Mardi 9 mai 2023 aura lieu la 4\u00e8me \u00e9dition &#8220;Des Caf\u00e9s #D\u00e9couverte de l&#8217;Arbois&#8221;, le programme d&#8217;animation qui a pour vocation de d\u00e9voiler les richesses du Technop\u00f4le et d&#8217;\u00e9changer entre technopolitains, autour d&#8217;un caf\u00e9\/th\u00e9 convivial \ud83d\ude42<\/p>\n<p>A l\u2019honneur pour cette rencontre, notre <a href=\"https:\/\/www.cerege.fr\/fr\/equipements\/laboratoire-national-des-nucleides-cosmogeniques\/\" target=\"_blank\" rel=\"noopener\"><strong>instrument national ASTER<\/strong> (Spectrom\u00e8tre de Masse par Acc\u00e9l\u00e9rateur) et son <strong>Laboratoire National des Nucl\u00e9ides Cosmog\u00e9niques (LN2C)<\/strong> <\/a><\/p>\n<p>Cette rencontre conviviale permettra aux technopolitains d\u2019\u00e9changer avec les chercheurs du\u00a0<strong>LN2C (Laboratoire National des Nucl\u00e9ides Cosmog\u00e9niques)<\/strong>\u00a0d\u00e9di\u00e9 au traitement d&#8217;\u00e9chantillons et \u00e0 la mesure d&#8217;abondance en nucl\u00e9ides cosmog\u00e9niques dans diff\u00e9rents mat\u00e9riaux terrestres et extra-terrestres et dont les travaux de recherche contribuent notamment \u00e0\u00a0<strong>am\u00e9liorer la mod\u00e9lisation du changement climatique<\/strong>\u00a0actuel \ud83c\udf0d<\/p>\n","protected":false},"excerpt":{"rendered":"<p>Depuis pr\u00e8s d\u2019un an, la Technopole de l\u2019Arbois organise en partenariat avec le CEREGE, des rencontres entre chercheurs et entrepreneurs sur les outils du technopole afin d\u2019en valoriser les acteurs, [&hellip;]<\/p>\n","protected":false},"author":551,"featured_media":0,"template":"","meta":{"_acf_changed":false,"_tribe_events_status":"","_tribe_events_status_reason":"","footnotes":""},"tags":[],"tribe_events_cat":[],"class_list":["post-18580","tribe_events","type-tribe_events","status-publish","hentry"],"acf":[],"publishpress_future_workflow_manual_trigger":{"enabledWorkflows":[]},"_links":{"self":[{"href":"https:\/\/www.cerege.fr\/fr\/wp-json\/wp\/v2\/tribe_events\/18580","targetHints":{"allow":["GET"]}}],"collection":[{"href":"https:\/\/www.cerege.fr\/fr\/wp-json\/wp\/v2\/tribe_events"}],"about":[{"href":"https:\/\/www.cerege.fr\/fr\/wp-json\/wp\/v2\/types\/tribe_events"}],"author":[{"embeddable":true,"href":"https:\/\/www.cerege.fr\/fr\/wp-json\/wp\/v2\/users\/551"}],"version-history":[{"count":4,"href":"https:\/\/www.cerege.fr\/fr\/wp-json\/wp\/v2\/tribe_events\/18580\/revisions"}],"predecessor-version":[{"id":18585,"href":"https:\/\/www.cerege.fr\/fr\/wp-json\/wp\/v2\/tribe_events\/18580\/revisions\/18585"}],"wp:attachment":[{"href":"https:\/\/www.cerege.fr\/fr\/wp-json\/wp\/v2\/media?parent=18580"}],"wp:term":[{"taxonomy":"post_tag","embeddable":true,"href":"https:\/\/www.cerege.fr\/fr\/wp-json\/wp\/v2\/tags?post=18580"},{"taxonomy":"tribe_events_cat","embeddable":true,"href":"https:\/\/www.cerege.fr\/fr\/wp-json\/wp\/v2\/tribe_events_cat?post=18580"}],"curies":[{"name":"wp","href":"https:\/\/api.w.org\/{rel}","templated":true}]}}

[Les Cafés #Découverte de l&#8217;Arbois] : ASTER, le spectromètre de masse par accélérateur

<p data-pm-slice="1 1 []"><strong><img fetchpriority="high" decoding="async" class=" wp-image-18583 alignleft" src="https://www.cerege.fr/wp-content/uploads/2023/05/Cafe-Decouverte_ASTER-300x169.png" alt="" width="392" height="221" srcset="https://www.cerege.fr/wp-content/uploads/2023/05/Cafe-Decouverte_ASTER-300x169.png 300w, https://www.cerege.fr/wp-content/uploads/2023/05/Cafe-Decouverte_ASTER-1024x576.png 1024w, https://www.cerege.fr/wp-content/uploads/2023/05/Cafe-Decouverte_ASTER-768x432.png 768w, https://www.cerege.fr/wp-content/uploads/2023/05/Cafe-Decouverte_ASTER-1536x864.png 1536w, https://www.cerege.fr/wp-content/uploads/2023/05/Cafe-Decouverte_ASTER-18x10.png 18w, https://www.cerege.fr/wp-content/uploads/2023/05/Cafe-Decouverte_ASTER-1320x743.png 1320w, https://www.cerege.fr/wp-content/uploads/2023/05/Cafe-Decouverte_ASTER.png 1600w" sizes="(max-width: 392px) 100vw, 392px" />Depuis près d’un an, la Technopole de l’Arbois organise en partenariat avec le CEREGE, des rencontres entre chercheurs et entrepreneurs</strong> sur les outils du technopole afin d’en valoriser les acteurs, dévoiler les capacités et applications des plateformes et discuter autour d’un café des thématiques de recherche abordées. Y sont invités les entreprises du Technopôle.</p>
<p>Mardi 9 mai 2023 aura lieu la 4ème édition &#8220;Des Cafés #Découverte de l&#8217;Arbois&#8221;, le programme d&#8217;animation qui a pour vocation de dévoiler les richesses du Technopôle et d&#8217;échanger entre technopolitains, autour d&#8217;un café/thé convivial 🙂</p>
<p>A l’honneur pour cette rencontre, notre <a href="https://www.cerege.fr/fr/equipements/laboratoire-national-des-nucleides-cosmogeniques/" target="_blank" rel="noopener"><strong>instrument national ASTER</strong> (Spectromètre de Masse par Accélérateur) et son <strong>Laboratoire National des Nucléides Cosmogéniques (LN2C)</strong> </a></p>
<p>Cette rencontre conviviale permettra aux technopolitains d’échanger avec les chercheurs du <strong>LN2C (Laboratoire National des Nucléides Cosmogéniques)</strong> dédié au traitement d&#8217;échantillons et à la mesure d&#8217;abondance en nucléides cosmogéniques dans différents matériaux terrestres et extra-terrestres et dont les travaux de recherche contribuent notamment à <strong>améliorer la modélisation du changement climatique</strong> actuel 🌍</p>

<p>Depuis près d’un an, la Technopole de l’Arbois organise en partenariat avec le CEREGE, des rencontres entre chercheurs et entrepreneurs sur les outils du technopole afin d’en valoriser les acteurs, [&hellip;]</p>
