{"id":18612,"date":"2023-05-09T15:36:20","date_gmt":"2023-05-09T13:36:20","guid":{"rendered":"https:\/\/www.cerege.fr\/?post_type=tribe_events&#038;p=18612"},"modified":"2023-05-09T15:36:20","modified_gmt":"2023-05-09T13:36:20","slug":"seminaire-special-jean-alix-barrat-universite-de-brest","status":"publish","type":"tribe_events","link":"https:\/\/www.cerege.fr\/fr\/agenda\/seminaire-special-jean-alix-barrat-universite-de-brest\/","title":{"rendered":"S\u00e9minaire Sp\u00e9cial : Jean Alix Barrat (Universit\u00e9 de Brest)"},"content":{"rendered":"<p><a href=\"https:\/\/humhub.osupytheas.fr\/content\/perma?id=31007\" target=\"_blank\" rel=\"noopener\">&#8220;Les \u00e9l\u00e9ments traces (dont les REEs) dans les coquilles de bivalves: signatures environnementales ou m\u00e9taboliques?&#8221;<\/a><\/p>\n<div class=\"event-info-section clearfix\">\n<div class=\"event-info-section-content\" data-ui-markdown=\"\" data-ui-show-more=\"\">\n<div id=\"h818787w0\" data-exclude=\"[]\" data-include=\"[]\" data-plugin-options=\"[]\" data-ui-richtext=\"\" data-ui-widget=\"ui.richtext.prosemirror.RichText\" data-ui-init=\"\">\n<p>Ce s\u00e9minaire,\u00a0organis\u00e9 par Pierre Rochette, a une coloration \u00ab environnement durable \u00bb mais devrait int\u00e9resser plus largement les adeptes de la g\u00e9ochimie \u00e9l\u00e9mentaire en domaine marin dans toutes les \u00e9quipes .<\/p>\n<p><a href=\"https:\/\/www.researchgate.net\/publication\/363514309_Rare_earth_elements_as_new_biogeochemical_proxies_in_deep-sea_mussels\" target=\"_blank\" rel=\"noopener noreferrer nofollow\">https:\/\/www.researchgate.net\/publication\/363514309_Rare_earth_elements_as_new_biogeochemical_proxies_in_deep-sea_mussels<\/a><\/p>\n<\/div>\n<\/div>\n<\/div>\n","protected":false},"excerpt":{"rendered":"<p>&#8220;Les \u00e9l\u00e9ments traces (dont les REEs) dans les coquilles de bivalves: signatures environnementales ou m\u00e9taboliques?&#8221; Ce s\u00e9minaire,\u00a0organis\u00e9 par Pierre Rochette, a une coloration \u00ab environnement durable \u00bb mais devrait int\u00e9resser [&hellip;]<\/p>\n","protected":false},"author":724,"featured_media":0,"template":"","meta":{"_acf_changed":false,"_tribe_events_status":"","_tribe_events_status_reason":"","footnotes":""},"tags":[],"tribe_events_cat":[],"class_list":["post-18612","tribe_events","type-tribe_events","status-publish","hentry"],"acf":[],"publishpress_future_workflow_manual_trigger":{"enabledWorkflows":[]},"_links":{"self":[{"href":"https:\/\/www.cerege.fr\/fr\/wp-json\/wp\/v2\/tribe_events\/18612","targetHints":{"allow":["GET"]}}],"collection":[{"href":"https:\/\/www.cerege.fr\/fr\/wp-json\/wp\/v2\/tribe_events"}],"about":[{"href":"https:\/\/www.cerege.fr\/fr\/wp-json\/wp\/v2\/types\/tribe_events"}],"author":[{"embeddable":true,"href":"https:\/\/www.cerege.fr\/fr\/wp-json\/wp\/v2\/users\/724"}],"version-history":[{"count":2,"href":"https:\/\/www.cerege.fr\/fr\/wp-json\/wp\/v2\/tribe_events\/18612\/revisions"}],"predecessor-version":[{"id":18614,"href":"https:\/\/www.cerege.fr\/fr\/wp-json\/wp\/v2\/tribe_events\/18612\/revisions\/18614"}],"wp:attachment":[{"href":"https:\/\/www.cerege.fr\/fr\/wp-json\/wp\/v2\/media?parent=18612"}],"wp:term":[{"taxonomy":"post_tag","embeddable":true,"href":"https:\/\/www.cerege.fr\/fr\/wp-json\/wp\/v2\/tags?post=18612"},{"taxonomy":"tribe_events_cat","embeddable":true,"href":"https:\/\/www.cerege.fr\/fr\/wp-json\/wp\/v2\/tribe_events_cat?post=18612"}],"curies":[{"name":"wp","href":"https:\/\/api.w.org\/{rel}","templated":true}]}}

Séminaire Spécial : Jean Alix Barrat (Université de Brest)

<p><a href="https://humhub.osupytheas.fr/content/perma?id=31007" target="_blank" rel="noopener">&#8220;Les éléments traces (dont les REEs) dans les coquilles de bivalves: signatures environnementales ou métaboliques?&#8221;</a></p>
<div class="event-info-section clearfix">
<div class="event-info-section-content" data-ui-markdown="" data-ui-show-more="">
<div id="h818787w0" data-exclude="[]" data-include="[]" data-plugin-options="[]" data-ui-richtext="" data-ui-widget="ui.richtext.prosemirror.RichText" data-ui-init="">
<p>Ce séminaire, organisé par Pierre Rochette, a une coloration « environnement durable » mais devrait intéresser plus largement les adeptes de la géochimie élémentaire en domaine marin dans toutes les équipes .</p>
<p><a href="https://www.researchgate.net/publication/363514309_Rare_earth_elements_as_new_biogeochemical_proxies_in_deep-sea_mussels" target="_blank" rel="noopener noreferrer nofollow">https://www.researchgate.net/publication/363514309_Rare_earth_elements_as_new_biogeochemical_proxies_in_deep-sea_mussels</a></p>
</div>
</div>
</div>

<p>&#8220;Les éléments traces (dont les REEs) dans les coquilles de bivalves: signatures environnementales ou métaboliques?&#8221; Ce séminaire, organisé par Pierre Rochette, a une coloration « environnement durable » mais devrait intéresser [&hellip;]</p>
